at is the greatest common divisor of 342 and 126?
18
What is the greatest common divisor of 50 and 20?
10
What is the greatest common divisor of 512 and 2688?
128
Calculate the highest common factor of 168 and 72.
24
What is the highest common divisor of 90 and 20?
10
What is the greatest common factor of 12 and 416?
4
Calculate the highest common divisor of 43 and 27.
1
What is the highest common factor of 105 and 462?
21
Calculate the greatest common factor of 201 and 3.
3
Calculate the highest common divisor of 19 and 342.
19
Calculate the highest common divisor of 522 and 28449.
261
Calculate the highest common factor of 6935 and 380.
95
Calculate the greatest common divisor of 106 and 11077.
53
Calculate the greatest common divisor of 5778 and 54.
54
Calculate the greatest common divisor of 10593 and 66.
33
Calculate the highest common factor of 24 and 592.
8
Calculate the greatest common factor of 57 and 741.
57
Calculate the highest common factor of 34 and 26112.
34
Calculate the greatest common divisor of 14 and 2282.
14
What is the greatest common factor of 2770 and 10?
10
What is the highest common factor of 7 and 14?
7
What is the highest common divisor of 222 and 296?
74
What is the greatest common divisor of 204 and 1734?
102
What is the highest common factor of 649 and 11?
11
What is the greatest common factor of 1008 and 189?
63
Calculate the greatest common divisor of 285 and 76.
19
Calculate the highest common factor of 15842 and 2.
2
What is the greatest common factor of 16 and 568?
8
Calculate the highest common factor of 103 and 24617.
103
What is the greatest common factor of 46 and 1426?
46
What is the highest common divisor of 88 and 33?
11
What is the highest common factor of 527 and 93?
31
Calculate the greatest common factor of 14 and 70.
14
Calculate the highest common factor of 21 and 567.
21
Calculate the greatest common factor of 138 and 42.
6
Calculate the greatest common factor of 62 and 1674.
62
Calculate the greatest common divisor of 64 and 160.
32
What is the highest common factor of 2188 and 16?
4
What is the highest common divisor of 112 and 144?
16
What is the highest common divisor of 25 and 20?
5
What is the highest common divisor of 756 and 270?
54
What is the greatest common factor of 1313 and 208?
13
Calculate the highest common factor of 416 and 3936.
32
Calculate the greatest common factor of 1 and 13.
1
What is the greatest common divisor of 400 and 550?
50
What is the greatest common factor of 558 and 18?
18
What is the greatest common factor of 27 and 1269?
27
Calculate the greatest common factor of 13 and 13.
13
Calculate the greatest common factor of 51310 and 70.
70
Calculate the greatest common divisor of 518 and 238.
14
What is the greatest common factor of 285 and 165?
15
Calculate the highest common factor of 1351 and 14.
7
What is the highest common divisor of 55 and 165?
55
Calculate the highest common divisor of 952 and 56.
56
Calculate the greatest common factor of 4779 and 236.
59
What is the highest common divisor of 378 and 1050?
42
What is the highest common factor of 88 and 11?
11
What is the greatest common factor of 27850 and 50?
50
Calculate the highest common divisor of 2511 and 135.
27
Calculate the highest common divisor of 28304 and 58.
58
What is the greatest common divisor of 685 and 1781?
137
Calculate the greatest common factor of 35301 and 123.
123
Calculate the highest common factor of 98 and 4494.
14
What is the highest common factor of 231 and 99?
33
What is the highest common factor of 17 and 4811?
17
Calculate the greatest common factor of 17 and 18989.
17
What is the greatest common divisor of 26 and 2743?
13
What is the greatest common factor of 789 and 27?
3
What is the highest common divisor of 5767 and 316?
79
Calculate the highest common factor of 48 and 6.
6
What is the highest common divisor of 4 and 2542?
2
Calculate the greatest common factor of 4 and 194.
2
Calculate the greatest common factor of 104 and 143.
13
What is the highest common factor of 15084 and 36?
36
Calculate the greatest common factor of 1384 and 8.
8
What is the highest common factor of 36 and 20328?
12
Calculate the greatest common factor of 209 and 451.
11
Calculate the highest common factor of 174 and 986.
58
What is the highest common divisor of 47 and 893?
47
What is the highest common factor of 1386 and 420?
42
What is the highest common divisor of 5780 and 20?
20
What is the highest common factor of 12 and 138?
6
Calculate the greatest common divisor of 36688 and 32.
16
What is the greatest common factor of 4403 and 51?
17
Calculate the highest common factor of 2093 and 1729.
91
What is the greatest common divisor of 6 and 5?
1
Calculate the highest common divisor of 36 and 198.
18
What is the greatest common factor of 3927 and 153?
51
Calculate the highest common factor of 25 and 445.
5
Calculate the highest common factor of 230 and 46.
46
What is the greatest common factor of 1011 and 6?
3
Calculate the greatest common divisor of 3042 and 18.
18
Calculate the highest common factor of 39 and 5889.
39
Calculate the greatest common divisor of 832 and 1534.
26
What is the highest common factor of 2440 and 120?
40
Calculate the greatest common divisor of 90 and 150.
30
What is the greatest common factor of 8484 and 84?
84
Calculate the greatest common factor of 168 and 7.
7
What is the greatest common divisor of 7 and 721?
7
Calculate the greatest common divisor of 627 and 66.
33
Calculate the greatest common factor of 102 and 714.
102
Calculate the highest common divisor of 5 and 480.
5
Calculate the highest common factor of 12231 and 81.
81
Calculate the highest common factor of 1071 and 126.
63
What is the greatest common factor of 147 and 6?
3
What is the greatest common factor of 121 and 1089?
121
What is the highest common divisor of 3122 and 70?
14
Calculate the greatest common divisor of 26983 and 121.
121
What is the highest common factor of 76 and 3781?
19
What is the highest common factor of 11 and 55?
11
Calculate the greatest common factor of 38 and 72694.
38
What is the greatest common divisor of 138 and 759?
69
Calculate the greatest common divisor of 396 and 72.
36
Calculate the greatest common divisor of 627 and 44.
11
What is the highest common divisor of 179 and 9129?
179
Calculate the highest common divisor of 20 and 45.
5
Calculate the greatest common factor of 1981 and 9339.
283
What is the highest common factor of 48 and 16?
16
Calculate the highest common factor of 104 and 494.
26
Calculate the highest common factor of 205 and 902.
41
Calculate the highest common divisor of 1957 and 38.
19
What is the highest common divisor of 65 and 637?
13
What is the highest common factor of 169 and 11323?
169
Calculate the greatest common divisor of 15 and 33.
3
Calculate the highest common factor of 24 and 348.
12
What is the highest common factor of 68 and 612?
68
What is the greatest common divisor of 14 and 105?
7
Calculate the greatest common divisor of 60 and 100.
20
What is the highest common factor of 101 and 3737?
101
What is the highest common divisor of 833 and 49?
49
What is the greatest common divisor of 37 and 703?
37
What is the highest common divisor of 120 and 1815?
15
Calculate the highest common divisor of 125 and 15.
5
What is the greatest common divisor of 882 and 686?
98
Calculate the greatest common divisor of 812 and 28.
28
Calculate the highest common divisor of 3 and 4083.
3
Calculate the greatest common divisor of 3869 and 53.
53
Calculate the highest common factor of 208 and 10712.
104
What is the highest common divisor of 667 and 29?
29
Calculate the greatest common factor of 517 and 11.
11
What is the highest common factor of 40 and 40?
40
Calculate the greatest common divisor of 10197 and 11.
11
Calculate the greatest common divisor of 570 and 60.
30
Calculate the highest common divisor of 320 and 4920.
40
What is the greatest common divisor of 63 and 651?
21
Calculate the greatest common divisor of 15 and 125.
5
Calculate the greatest common divisor of 11 and 4136.
11
What is the highest common factor of 16 and 592?
16
Calculate the highest common divisor of 72 and 252.
36
What is the greatest common factor of 40 and 4208?
8
Calculat